{"id":1594,"date":"2021-10-04T04:28:30","date_gmt":"2021-10-04T04:28:30","guid":{"rendered":"https:\/\/demo.casethemes.net\/itfirm\/?post_type=product&#038;p=1594"},"modified":"2025-11-12T12:33:06","modified_gmt":"2025-11-12T09:33:06","slug":"third-solutions","status":"publish","type":"product","link":"https:\/\/ks1teknoloji.com\/?product=third-solutions","title":{"rendered":"Road Blocker"},"content":{"rendered":"<p><strong>Gaziantep, Diyarbak\u0131r, \u015eanl\u0131urfa, Batman, Ad\u0131yaman, Siirt, Mardin, Kilis, Erzurum, Erzincan, A\u011fr\u0131, Ardahan, I\u011fd\u0131r, Kars, Malatya, Bing\u00f6l, Mu\u015f, Bitlis, Elaz\u0131\u011f, Tunceli, Van, Hakkari il ve il\u00e7elerinde;<\/strong><strong> uzman teknik ekibimiz ile birlikte, Road Blocker\u00a0 Yol Engelleyici sistemlerin sat\u0131\u015f ve sat\u0131\u015f sonras\u0131 teknik servis hizmeti yapmaktay\u0131z.\u00a0<\/strong><\/p>\n","protected":false},"excerpt":{"rendered":"<p>Gaziantep, Diyarbak\u0131r, \u015eanl\u0131urfa, Batman, Ad\u0131yaman, Siirt, Mardin, Kilis, Erzurum, Erzincan, A\u011fr\u0131, Ardahan, I\u011fd\u0131r, Kars, Malatya, Bing\u00f6l, Mu\u015f, Bitlis, Elaz\u0131\u011f, Tunceli, Van, Hakkari il ve il\u00e7elerinde; uzman teknik ekibimiz ile birlikte, Road Blocker\u00a0 Yol Engelleyici sistemlerin sat\u0131\u015f ve sat\u0131\u015f sonras\u0131 teknik servis hizmeti yapmaktay\u0131z.<\/p>\n<p>Road blocker, yol engelleyici olarak da bilinen bir t\u00fcr g\u00fcvenlik sistemidir. Yol engelleyiciler, izinsiz ara\u00e7 giri\u015flerini engellemek i\u00e7in kullan\u0131l\u0131r. Yol engelleyiciler, genellikle hidrolik veya pn\u00f6matik olarak \u00e7al\u0131\u015f\u0131rlar. Bu sistemler, karayolunda izinsiz bir ara\u00e7 giri\u015fini engellemek i\u00e7in kullan\u0131l\u0131r. Road Blocker sistemleri, genellikle askeri yerle\u015fimler, havaalanlar\u0131, hapishaneler ve di\u011fer hassas alanlar kullan\u0131l\u0131rlar.<\/p>\n","protected":false},"featured_media":10208,"comment_status":"open","ping_status":"closed","template":"","meta":[],"product_brand":[],"product_cat":[12],"product_tag":[65,62,60,61,69,66,64,68,63,67],"class_list":{"0":"post-1594","1":"product","2":"type-product","3":"status-publish","4":"has-post-thumbnail","6":"product_cat-guvenlik-urunleri","7":"product_tag-agri","8":"product_tag-batman","9":"product_tag-diyarbakir","10":"product_tag-elazig","11":"product_tag-guvenlik-sistemleri","12":"product_tag-igdir","13":"product_tag-mardin","14":"product_tag-road-blocker","15":"product_tag-siirt","16":"product_tag-van","18":"first","19":"instock","20":"shipping-taxable","21":"product-type-simple"},"_links":{"self":[{"href":"https:\/\/ks1teknoloji.com\/index.php?rest_route=\/wp\/v2\/product\/1594","targetHints":{"allow":["GET"]}}],"collection":[{"href":"https:\/\/ks1teknoloji.com\/index.php?rest_route=\/wp\/v2\/product"}],"about":[{"href":"https:\/\/ks1teknoloji.com\/index.php?rest_route=\/wp\/v2\/types\/product"}],"replies":[{"embeddable":true,"href":"https:\/\/ks1teknoloji.com\/index.php?rest_route=%2Fwp%2Fv2%2Fcomments&post=1594"}],"wp:featuredmedia":[{"embeddable":true,"href":"https:\/\/ks1teknoloji.com\/index.php?rest_route=\/wp\/v2\/media\/10208"}],"wp:attachment":[{"href":"https:\/\/ks1teknoloji.com\/index.php?rest_route=%2Fwp%2Fv2%2Fmedia&parent=1594"}],"wp:term":[{"taxonomy":"product_brand","embeddable":true,"href":"https:\/\/ks1teknoloji.com\/index.php?rest_route=%2Fwp%2Fv2%2Fproduct_brand&post=1594"},{"taxonomy":"product_cat","embeddable":true,"href":"https:\/\/ks1teknoloji.com\/index.php?rest_route=%2Fwp%2Fv2%2Fproduct_cat&post=1594"},{"taxonomy":"product_tag","embeddable":true,"href":"https:\/\/ks1teknoloji.com\/index.php?rest_route=%2Fwp%2Fv2%2Fproduct_tag&post=1594"}],"curies":[{"name":"wp","href":"https:\/\/api.w.org\/{rel}","templated":true}]}}