{"id":1591,"date":"2021-10-04T04:28:30","date_gmt":"2021-10-04T04:28:30","guid":{"rendered":"https:\/\/demo.casethemes.net\/itfirm\/?post_type=product&#038;p=1591"},"modified":"2025-11-12T10:43:27","modified_gmt":"2025-11-12T07:43:27","slug":"the-end-of-marketing","status":"publish","type":"product","link":"https:\/\/ks1teknoloji.com\/?product=the-end-of-marketing","title":{"rendered":"Mantar Bariyer"},"content":{"rendered":"<p>Mantar bariyerler park sorununun yo\u011funlukla ya\u015fand\u0131\u011f\u0131 yerlerde, insan ge\u00e7i\u015fini engellemeyen, ara\u00e7 \u00e7arpmalar\u0131na kar\u015f\u0131 \u00e7ok iyi mukavemet sa\u011flayan sistemler olarak tercih edilmektedir. Bu sistemler el\u00e7ilik ve askeri bina giri\u015fleri gibi y\u00fcksek g\u00fcvenlik gerektiren yap\u0131larda kullan\u0131labilir.<\/p>\n<p>Sistem iste\u011fe g\u00f6re tek veya grup halinde (2\u2019li, 3\u2019l\u00fc, 4\u2019l\u00fc, \u2026..16\u2019l\u0131) yerle\u015ftirilebilir.<\/p>\n<p>Grup halinde \u00e7al\u0131\u015fan mantar bariyerlerde a\u00e7\u0131lma ve kapanma tamamen e\u015f zamanl\u0131 olup t\u00fcm mantarlar ayn\u0131 anda inip ayn\u0131 anda kalkmaktad\u0131r. Sistem \u00e7evreyle uyumu, \u00e7ok h\u0131zl\u0131 \u00e7arpmalarda bile g\u00f6sterdi\u011fi y\u00fcksek mukavemet, y\u0131llarca sorunsuz \u00e7evre \u015fartlar\u0131na (ya\u011fmur, kar, \u00e7amur, iklim ko\u015fullar\u0131 v.b) dayan\u0131m\u0131 ile y\u00fcksek g\u00fcvenlik ge\u00e7i\u015f sistemleri aras\u0131nda kendini bir ad\u0131m \u00f6ne \u00e7\u0131karmaktad\u0131r.<\/p>\n<p>Ara\u00e7la yap\u0131lan bombalama ve benzeri eylemlere kar\u015f\u0131 kullan\u0131labilecek yegane sistemlerden biridir. \u00c7ok uzun seneler bak\u0131m gerektirmeyen, i\u015fletme maliyeti d\u00fc\u015f\u00fck, her t\u00fcrl\u00fc mekana kolayl\u0131kla uygulanabilen sistemlerdir.<\/p>\n","protected":false},"excerpt":{"rendered":"<p>Mantar bariyerler park sorununun yo\u011funlukla ya\u015fand\u0131\u011f\u0131 yerlerde, insan ge\u00e7i\u015fini engellemeyen, ara\u00e7 \u00e7arpmalar\u0131na kar\u015f\u0131 \u00e7ok iyi mukavemet sa\u011flayan sistemler olarak tercih edilmektedir. Bu sistemler el\u00e7ilik ve askeri bina giri\u015fleri gibi y\u00fcksek g\u00fcvenlik gerektiren yap\u0131larda kullan\u0131labilir.<\/p>\n<p>Sistem iste\u011fe g\u00f6re tek veya grup halinde (2\u2019li, 3\u2019l\u00fc, 4\u2019l\u00fc, \u2026..16\u2019l\u0131) yerle\u015ftirilebilir.<\/p>\n<p>Grup halinde \u00e7al\u0131\u015fan mantar bariyerlerde a\u00e7\u0131lma ve kapanma tamamen e\u015f zamanl\u0131 olup t\u00fcm mantarlar ayn\u0131 anda inip ayn\u0131 anda kalkmaktad\u0131r. Sistem \u00e7evreyle uyumu, \u00e7ok h\u0131zl\u0131 \u00e7arpmalarda bile g\u00f6sterdi\u011fi y\u00fcksek mukavemet, y\u0131llarca sorunsuz \u00e7evre \u015fartlar\u0131na (ya\u011fmur, kar, \u00e7amur, iklim ko\u015fullar\u0131 v.b) dayan\u0131m\u0131 ile y\u00fcksek g\u00fcvenlik ge\u00e7i\u015f sistemleri aras\u0131nda kendini bir ad\u0131m \u00f6ne \u00e7\u0131karmaktad\u0131r.<\/p>\n<p>Ara\u00e7la yap\u0131lan bombalama ve benzeri eylemlere kar\u015f\u0131 kullan\u0131labilecek yegane sistemlerden biridir. \u00c7ok uzun seneler bak\u0131m gerektirmeyen, i\u015fletme maliyeti d\u00fc\u015f\u00fck, her t\u00fcrl\u00fc mekana kolayl\u0131kla uygulanabilen sistemlerdir.<\/p>\n<p>Gaziantep, Diyarbak\u0131r, \u015eanl\u0131urfa, Batman, Ad\u0131yaman, Siirt, Mardin, Kilis, Erzurum, Erzincan, A\u011fr\u0131, Ardahan, I\u011fd\u0131r, Kars, Malatya, Bing\u00f6l, Mu\u015f, Bitlis, Elaz\u0131\u011f, Tunceli, Van, Hakkari il ve il\u00e7elerinde; uzman teknik ekibimiz ile birlikte, Mantar Bariyer sistemlerin sat\u0131\u015f\u0131n\u0131 yap\u0131yoruz. Yol engelleyici sistemler, \u00f6zellikle y\u00fcksek g\u00fcvenlik gerektiren alanlarda etkili bir g\u00fcvenlik \u00e7\u00f6z\u00fcm\u00fcd\u00fcr. Bu sistemler, \u00e7evredeki ve o b\u00f6l\u00fcmdeki can ve mal g\u00fcvenli\u011fini sa\u011flamak i\u00e7in tasarlanm\u0131\u015ft\u0131r.<\/p>\n","protected":false},"featured_media":10375,"comment_status":"open","ping_status":"closed","template":"","meta":[],"product_brand":[],"product_cat":[12],"product_tag":[17,40,14],"class_list":{"0":"post-1591","1":"product","2":"type-product","3":"status-publish","4":"has-post-thumbnail","6":"product_cat-guvenlik-urunleri","7":"product_tag-design","8":"product_tag-ux","9":"product_tag-yol-guvenlik","11":"first","12":"instock","13":"shipping-taxable","14":"product-type-simple"},"_links":{"self":[{"href":"https:\/\/ks1teknoloji.com\/index.php?rest_route=\/wp\/v2\/product\/1591","targetHints":{"allow":["GET"]}}],"collection":[{"href":"https:\/\/ks1teknoloji.com\/index.php?rest_route=\/wp\/v2\/product"}],"about":[{"href":"https:\/\/ks1teknoloji.com\/index.php?rest_route=\/wp\/v2\/types\/product"}],"replies":[{"embeddable":true,"href":"https:\/\/ks1teknoloji.com\/index.php?rest_route=%2Fwp%2Fv2%2Fcomments&post=1591"}],"wp:featuredmedia":[{"embeddable":true,"href":"https:\/\/ks1teknoloji.com\/index.php?rest_route=\/wp\/v2\/media\/10375"}],"wp:attachment":[{"href":"https:\/\/ks1teknoloji.com\/index.php?rest_route=%2Fwp%2Fv2%2Fmedia&parent=1591"}],"wp:term":[{"taxonomy":"product_brand","embeddable":true,"href":"https:\/\/ks1teknoloji.com\/index.php?rest_route=%2Fwp%2Fv2%2Fproduct_brand&post=1591"},{"taxonomy":"product_cat","embeddable":true,"href":"https:\/\/ks1teknoloji.com\/index.php?rest_route=%2Fwp%2Fv2%2Fproduct_cat&post=1591"},{"taxonomy":"product_tag","embeddable":true,"href":"https:\/\/ks1teknoloji.com\/index.php?rest_route=%2Fwp%2Fv2%2Fproduct_tag&post=1591"}],"curies":[{"name":"wp","href":"https:\/\/api.w.org\/{rel}","templated":true}]}}